{"id":4,"date":"2016-03-27T00:20:44","date_gmt":"2016-03-27T00:20:44","guid":{"rendered":"http:\/\/prix-plafond-tendu.com\/site\/?page_id=4"},"modified":"2016-09-22T23:52:19","modified_gmt":"2016-09-22T23:52:19","slug":"le-plafond-tendu","status":"publish","type":"page","link":"https:\/\/prix-plafond-tendu.fr\/site\/","title":{"rendered":"Plafond Tendu"},"content":{"rendered":"<div class=\"RSDB_2COL_0_LT\">\n<h2>Plafond Tendu<\/h2>\n<p style=\"line-height: 1.40; text-align: justify; font-size: 1.00em;\">\n\t<b>Sp\u00e9cialiste du Plafond Tendu depuis plus de 25 ans<\/b> en IDF, La Soci\u00e9t\u00e9 <b>SEETH Plafonds Tendus<\/b> a r\u00e9alis\u00e9e <span style=\"color: #DD3333\">plus de 9200 plafonds tendus<\/span> de tous types, <span style=\"color: #DD3333\">dont les superficies varient de 5m\u00b2 \u00e0 plus de 5000 m\u00b2<\/span>. Nous sommes intervenus aussi bien pour des particuliers que des professionnels, ou encore dans le milieu du luxe&#8230; que ce soit en IDF, mais aussi sur toute la France et pour des chantiers dans le monde entier. Nous sommes un des acteurs majeurs du Plafond Tendu en IDF, et disposons d&rsquo;une <b>\u00e9quipe de 25 personnes d\u00e9di\u00e9e au plafond tendu<\/b>. Nos tarifs restent tr\u00e8s comp\u00e9titifs et la qualit\u00e9 de finition, comme toujours <b>impeccable<\/b>. N&rsquo;h\u00e9sitez pas \u00e0 nous faire une demande de devis, nous traitons chaque dossier de la m\u00eame mani\u00e8re, qu&rsquo;il s&rsquo;agisse de quelques m\u00b2 ou de milliers de m\u00b2.<\/p>\n<p><\/p>\n<div class=\"RSDB_HOME_CAT\">Plafonds-Tendus pour Particuliers<\/div>\n<div class=\"RSDB_2COL_1_LT\" onclick=\"document.location.href='https:\/\/prix-plafond-tendu.fr\/site\/plafond-tendu-salon-sejour\/'\"><span class=\"RSDB_2COL_1_SPAN\">Salons &#8211; S\u00e9jours<\/span><img src=\"\/site\/_rs_static\/rsdb-img-accueil-plafond-tendu-salon-salle-de-sejour-2.jpg\" style=\"width: 100%\" alt=\"\"><\/div>\n<div class=\"RSDB_2COL_1_MT\" onclick=\"document.location.href='https:\/\/prix-plafond-tendu.fr\/site\/plafond-tendu-salle-a-manger\/'\"><span class=\"RSDB_2COL_1_SPAN\">Salles \u00e0 manger<\/span><img src=\"\/site\/_rs_static\/rsdb-img-accueil-plafond-tendu-salle-a-manger-2.jpg\" style=\"width: 100%\" alt=\"\"><\/div>\n<div class=\"RSDB_2COL_1_RT\" onclick=\"document.location.href='https:\/\/prix-plafond-tendu.fr\/site\/plafond-tendu-cuisine\/'\"><span class=\"RSDB_2COL_1_SPAN\">Cuisines<\/span><img src=\"\/site\/_rs_static\/rsdb-img-accueil-plafond-tendu-cuisine-2.jpg\" style=\"width: 100%\" alt=\"\"><\/div>\n<div class=\"RSDB_2COL_1_LT\" onclick=\"document.location.href='https:\/\/prix-plafond-tendu.fr\/site\/plafond-tendu-chambre\/'\"><span class=\"RSDB_2COL_1_SPAN\">Chambres<\/span><img src=\"\/site\/_rs_static\/rsdb-img-accueil-plafond-tendu-chambre-2.jpg\" style=\"width: 100%\" alt=\"\"><\/div>\n<div class=\"RSDB_2COL_1_MT\" onclick=\"document.location.href='https:\/\/prix-plafond-tendu.fr\/site\/plafond-tendu-salle-de-bains\/'\"><span class=\"RSDB_2COL_1_SPAN\">Salles-de-bains<\/span><img src=\"\/site\/_rs_static\/rsdb-img-accueil-plafond-tendu-sdb-salle-de-bains-2.jpg\" style=\"width: 100%\" alt=\"\"><\/div>\n<div class=\"RSDB_2COL_1_RT\" onclick=\"document.location.href='https:\/\/prix-plafond-tendu.fr\/site\/plafond-tendu-autres-pieces\/'\"><span class=\"RSDB_2COL_1_SPAN\">Autres pi\u00e8ces<\/span><img src=\"\/site\/_rs_static\/rsdb-img-accueil-plafond-tendu-autres-pieces-2.jpg\" style=\"width: 100%\" alt=\"\"><\/div>\n<div style=\"clear: both; margin-bottom: 20px;\"><\/div>\n<p>\t<a href=\"https:\/\/prix-plafond-tendu.fr\/site\/plafond-tendu-grandes-largeurs-5-50-metres\/\"><img src=\"\/site\/_rs_static\/rsdb-img-bandeau-plafond-tendu-grande-largeur-5-metres-50.png\" style=\"width: 100%; margin-bottom: 20px;\" alt=\"\"><\/a><\/p>\n<div class=\"RSDB_HOME_CAT\">Plafonds-Tendus pour Professionnels<\/div>\n<div class=\"RSDB_2COL_1_LT\" onclick=\"document.location.href='https:\/\/prix-plafond-tendu.fr\/site\/plafond-tendu-commerces-de-bouche\/'\"><span class=\"RSDB_2COL_1_SPAN\">Commerces de bouche<\/span><img src=\"\/site\/_rs_static\/rsdb-img-accueil-plafond-tendu-commerce-de-bouche-2.jpg\" style=\"width: 100%\" alt=\"\"><\/div>\n<div class=\"RSDB_2COL_1_MT\" onclick=\"document.location.href='https:\/\/prix-plafond-tendu.fr\/site\/plafond-tendu-boutiques\/'\"><span class=\"RSDB_2COL_1_SPAN\">Boutiques<\/span><img src=\"\/site\/_rs_static\/rsdb-img-accueil-plafond-tendu-boutiques-magasins-2.jpg\" style=\"width: 100%\" alt=\"\"><\/div>\n<div class=\"RSDB_2COL_1_RT\" onclick=\"document.location.href='https:\/\/prix-plafond-tendu.fr\/site\/plafond-tendu-hotels\/'\"><span class=\"RSDB_2COL_1_SPAN\">Hotels<\/span><img src=\"\/site\/_rs_static\/rsdb-img-accueil-plafond-tendu-hotels-2.jpg\" style=\"width: 100%\" alt=\"\"><\/div>\n<div class=\"RSDB_2COL_1_LT\" onclick=\"document.location.href='https:\/\/prix-plafond-tendu.fr\/site\/plafond-tendu-pubs-bars\/'\"><span class=\"RSDB_2COL_1_SPAN\">Pubs &#8211; Bars<\/span><img src=\"\/site\/_rs_static\/rsdb-img-accueil-plafond-tendu-pubs-bars-2.jpg\" style=\"width: 100%\" alt=\"\"><\/div>\n<div class=\"RSDB_2COL_1_MT\" onclick=\"document.location.href='https:\/\/prix-plafond-tendu.fr\/site\/plafond-tendu-restaurants\/'\"><span class=\"RSDB_2COL_1_SPAN\">Restaurants<\/span><img src=\"\/site\/_rs_static\/rsdb-img-accueil-plafond-tendu-restaurants-2.jpg\" style=\"width: 100%\" alt=\"\"><\/div>\n<div class=\"RSDB_2COL_1_RT\" onclick=\"document.location.href='https:\/\/prix-plafond-tendu.fr\/site\/plafond-tendu-discotheques\/'\"><span class=\"RSDB_2COL_1_SPAN\">Discoth\u00e8ques<\/span><img src=\"\/site\/_rs_static\/rsdb-img-accueil-plafond-tendu-discotheques-2.jpg\" style=\"width: 100%\" alt=\"\"><\/div>\n<div style=\"clear: both; margin-bottom: 20px;\"><\/div>\n<\/div>\n<div class=\"RSDB_2COL_0_RT\">\n<div id=\"RSDB_CALLBACK_CALL\" style=\"margin: auto; text-align: center;\"><a href=\"#RSDB_CALLBACK_TOP\"><img src=\"\/site\/_rs_static\/rsdb-system-btn-callback.png\" style=\"cursor: pointer; margin-bottom: 5px;\" onclick=\"document.getElementById('RSDBBOX').style.display = 'block'; document.getElementById('RSCALLBACK').style.display = 'block';\" alt=\"\"><\/a><\/div>\n<p><\/p>\n<div style=\"margin-bottom: 20px;\">\n<div style=\"background-color: #dd3333; color: #FFFFFF; text-align: center; padding: 5px; max-width: 350px; margin: auto;\">DEVIS RAPIDE 24H\/24<\/div>\n<div role=\"form\" class=\"wpcf7\" id=\"wpcf7-f25-o1\" lang=\"fr-FR\" dir=\"ltr\">\n<div class=\"screen-reader-response\"><p role=\"status\" aria-live=\"polite\" aria-atomic=\"true\"><\/p> <ul><\/ul><\/div>\n<form action=\"\/site\/wp-json\/wp\/v2\/pages\/4#wpcf7-f25-o1\" method=\"post\" class=\"wpcf7-form init\" novalidate=\"novalidate\" data-status=\"init\">\n<div style=\"display: none;\">\n<input type=\"hidden\" name=\"_wpcf7\" value=\"25\" \/>\n<input type=\"hidden\" name=\"_wpcf7_version\" value=\"5.5.6\" \/>\n<input type=\"hidden\" name=\"_wpcf7_locale\" value=\"fr_FR\" \/>\n<input type=\"hidden\" name=\"_wpcf7_unit_tag\" value=\"wpcf7-f25-o1\" \/>\n<input type=\"hidden\" name=\"_wpcf7_container_post\" value=\"0\" \/>\n<input type=\"hidden\" name=\"_wpcf7_posted_data_hash\" value=\"\" \/>\n<\/div>\n<p><span class=\"wpcf7-form-control-wrap your-name\"><input type=\"text\" name=\"your-name\" value=\"\" size=\"40\" class=\"wpcf7-form-control wpcf7-text wpcf7-validates-as-required\" aria-required=\"true\" aria-invalid=\"false\" placeholder=\"Nom et Pr\u00e9nom\" \/><\/span><\/p>\n<p><span class=\"wpcf7-form-control-wrap your-tel\"><input type=\"tel\" name=\"your-tel\" value=\"\" size=\"40\" class=\"wpcf7-form-control wpcf7-text wpcf7-tel wpcf7-validates-as-required wpcf7-validates-as-tel\" aria-required=\"true\" aria-invalid=\"false\" placeholder=\"T\u00e9l. : XX XX XX XX XX\" \/><\/span><\/p>\n<p><span class=\"wpcf7-form-control-wrap your-email\"><input type=\"email\" name=\"your-email\" value=\"\" size=\"40\" class=\"wpcf7-form-control wpcf7-text wpcf7-email wpcf7-validates-as-email\" aria-invalid=\"false\" placeholder=\"Courriel \/ E-mail\" \/><\/span><\/p>\n<p><span class=\"wpcf7-form-control-wrap your-cp\"><input type=\"text\" name=\"your-cp\" value=\"\" size=\"40\" maxlength=\"5\" minlength=\"5\" class=\"wpcf7-form-control wpcf7-text CF7CPO\" aria-invalid=\"false\" placeholder=\"Code Postal\" \/><\/span><span class=\"wpcf7-form-control-wrap your-ville\"><input type=\"text\" name=\"your-ville\" value=\"\" size=\"40\" class=\"wpcf7-form-control wpcf7-text CF7VIL\" aria-invalid=\"false\" placeholder=\"Ville\" \/><\/span><\/p>\n<p><span class=\"wpcf7-form-control-wrap your-subject\"><select name=\"your-subject\" class=\"wpcf7-form-control wpcf7-select\" aria-invalid=\"false\"><option value=\"Devis : Particulier\">Devis : Particulier<\/option><option value=\"Devis : Professionnel\">Devis : Professionnel<\/option><option value=\"Devis : Architecte\">Devis : Architecte<\/option><option value=\"Devis : Autres\">Devis : Autres<\/option><\/select><\/span><\/p>\n<p><span class=\"wpcf7-form-control-wrap your-type-bien\"><select name=\"your-type-bien\" class=\"wpcf7-form-control wpcf7-select\" aria-invalid=\"false\"><option value=\"Type de bien\">Type de bien<\/option><option value=\"Pavillon\">Pavillon<\/option><option value=\"Appartement\">Appartement<\/option><option value=\"Magasin\">Magasin<\/option><option value=\"Caf\u00e9s, Pubs, Discoth\u00e8ques\">Caf\u00e9s, Pubs, Discoth\u00e8ques<\/option><option value=\"Autres\">Autres<\/option><\/select><\/span><\/p>\n<p><span class=\"wpcf7-form-control-wrap your-objet\"><select name=\"your-objet\" class=\"wpcf7-form-control wpcf7-select\" aria-invalid=\"false\"><option value=\"Type de pi\u00e8ce\">Type de pi\u00e8ce<\/option><option value=\"Entr\u00e9e\">Entr\u00e9e<\/option><option value=\"Salon - S\u00e9jour\">Salon - S\u00e9jour<\/option><option value=\"Cuisine\">Cuisine<\/option><option value=\"Bureau\">Bureau<\/option><option value=\"Chambre\">Chambre<\/option><option value=\"Salle de bains\">Salle de bains<\/option><option value=\"Couloir\">Couloir<\/option><option value=\"WC\">WC<\/option><option value=\"Autres pi\u00e8ces\">Autres pi\u00e8ces<\/option><\/select><\/span><\/p>\n<p><span class=\"wpcf7-form-control-wrap your-surface\"><input type=\"text\" name=\"your-surface\" value=\"\" size=\"40\" class=\"wpcf7-form-control wpcf7-text wpcf7-validates-as-required\" aria-required=\"true\" aria-invalid=\"false\" placeholder=\"Surface en m\u00b2\" \/><\/span><\/p>\n<p><span class=\"wpcf7-form-control-wrap your-message\"><textarea name=\"your-message\" cols=\"40\" rows=\"10\" class=\"wpcf7-form-control wpcf7-textarea CF7MSG\" aria-invalid=\"false\" placeholder=\"Votre Message, pr\u00e9cisions...\"><\/textarea><\/span><\/p>\n<p><input type=\"submit\" value=\"Envoyer\" class=\"wpcf7-form-control has-spinner wpcf7-submit\" \/><\/p>\n<div class=\"wpcf7-response-output\" aria-hidden=\"true\"><\/div><\/form><\/div><\/div>\n<div style=\"margin: auto; text-align: center; margin-bottom: 20px;\"><img src=\"\/site\/_rs_static\/rsdb-img-droite-plafond-tendu-seeth-voiture-intervention.jpg\" style=\"width: 100%; max-width: 360px;\" alt=\"\"><\/div>\n<div style=\"margin: auto; text-align: center;\">\n<div style=\"width: 49%; float: left\"><a href=\"https:\/\/prix-plafond-tendu.fr\/site\/nos-realisations-particuliers\/\"><img src=\"\/site\/_rs_static\/rsdb-btn-galerie-realisations-particuliers.jpg\" style=\"width: 100%; max-width: 145px;\" alt=\"Galerie r\u00e9alisations Particuliers\"><\/a><\/div>\n<div style=\"width: 49%; float: right\"><a href=\"https:\/\/prix-plafond-tendu.fr\/site\/nos-realisations-professionnels\/\"><img src=\"\/site\/_rs_static\/rsdb-btn-galerie-realisations-professionnels.jpg\" style=\"width: 100%; max-width: 145px;\" alt=\"Galerie r\u00e9alisations Professionnels\"><\/a><\/div>\n<div style=\"clear: both\"><\/div>\n<\/p><\/div>\n<\/div>\n","protected":false},"excerpt":{"rendered":"<p>Plafond Tendu Sp\u00e9cialiste du Plafond Tendu depuis plus de 25 ans en IDF, La Soci\u00e9t\u00e9 SEETH Plafonds Tendus a r\u00e9alis\u00e9e plus de 9200 plafonds tendus de tous types, dont les superficies varient<a class=\"moretag\" href=\"https:\/\/prix-plafond-tendu.fr\/site\/\">Read More&#8230;<\/a><\/p>\n","protected":false},"author":1,"featured_media":0,"parent":0,"menu_order":0,"comment_status":"closed","ping_status":"closed","template":"","meta":[],"_links":{"self":[{"href":"https:\/\/prix-plafond-tendu.fr\/site\/wp-json\/wp\/v2\/pages\/4"}],"collection":[{"href":"https:\/\/prix-plafond-tendu.fr\/site\/wp-json\/wp\/v2\/pages"}],"about":[{"href":"https:\/\/prix-plafond-tendu.fr\/site\/wp-json\/wp\/v2\/types\/page"}],"author":[{"embeddable":true,"href":"https:\/\/prix-plafond-tendu.fr\/site\/wp-json\/wp\/v2\/users\/1"}],"replies":[{"embeddable":true,"href":"https:\/\/prix-plafond-tendu.fr\/site\/wp-json\/wp\/v2\/comments?post=4"}],"version-history":[{"count":171,"href":"https:\/\/prix-plafond-tendu.fr\/site\/wp-json\/wp\/v2\/pages\/4\/revisions"}],"predecessor-version":[{"id":450,"href":"https:\/\/prix-plafond-tendu.fr\/site\/wp-json\/wp\/v2\/pages\/4\/revisions\/450"}],"wp:attachment":[{"href":"https:\/\/prix-plafond-tendu.fr\/site\/wp-json\/wp\/v2\/media?parent=4"}],"curies":[{"name":"wp","href":"https:\/\/api.w.org\/{rel}","templated":true}]}}

<div class="RSDB_2COL_0_LT">
<h2>Plafond Tendu</h2>
<p style="line-height: 1.40; text-align: justify; font-size: 1.00em;">
	<b>Spécialiste du Plafond Tendu depuis plus de 25 ans</b> en IDF, La Société <b>SEETH Plafonds Tendus</b> a réalisée <span style="color: #DD3333">plus de 9200 plafonds tendus</span> de tous types, <span style="color: #DD3333">dont les superficies varient de 5m² à plus de 5000 m²</span>. Nous sommes intervenus aussi bien pour des particuliers que des professionnels, ou encore dans le milieu du luxe&#8230; que ce soit en IDF, mais aussi sur toute la France et pour des chantiers dans le monde entier. Nous sommes un des acteurs majeurs du Plafond Tendu en IDF, et disposons d&rsquo;une <b>équipe de 25 personnes dédiée au plafond tendu</b>. Nos tarifs restent très compétitifs et la qualité de finition, comme toujours <b>impeccable</b>. N&rsquo;hésitez pas à nous faire une demande de devis, nous traitons chaque dossier de la même manière, qu&rsquo;il s&rsquo;agisse de quelques m² ou de milliers de m².</p>
<p></p>
<div class="RSDB_HOME_CAT">Plafonds-Tendus pour Particuliers</div>
<div class="RSDB_2COL_1_LT" onclick="document.location.href='https://prix-plafond-tendu.fr/site/plafond-tendu-salon-sejour/'"><span class="RSDB_2COL_1_SPAN">Salons &#8211; Séjours</span><img src="/site/_rs_static/rsdb-img-accueil-plafond-tendu-salon-salle-de-sejour-2.jpg" style="width: 100%" alt=""></div>
<div class="RSDB_2COL_1_MT" onclick="document.location.href='https://prix-plafond-tendu.fr/site/plafond-tendu-salle-a-manger/'"><span class="RSDB_2COL_1_SPAN">Salles à manger</span><img src="/site/_rs_static/rsdb-img-accueil-plafond-tendu-salle-a-manger-2.jpg" style="width: 100%" alt=""></div>
<div class="RSDB_2COL_1_RT" onclick="document.location.href='https://prix-plafond-tendu.fr/site/plafond-tendu-cuisine/'"><span class="RSDB_2COL_1_SPAN">Cuisines</span><img src="/site/_rs_static/rsdb-img-accueil-plafond-tendu-cuisine-2.jpg" style="width: 100%" alt=""></div>
<div class="RSDB_2COL_1_LT" onclick="document.location.href='https://prix-plafond-tendu.fr/site/plafond-tendu-chambre/'"><span class="RSDB_2COL_1_SPAN">Chambres</span><img src="/site/_rs_static/rsdb-img-accueil-plafond-tendu-chambre-2.jpg" style="width: 100%" alt=""></div>
<div class="RSDB_2COL_1_MT" onclick="document.location.href='https://prix-plafond-tendu.fr/site/plafond-tendu-salle-de-bains/'"><span class="RSDB_2COL_1_SPAN">Salles-de-bains</span><img src="/site/_rs_static/rsdb-img-accueil-plafond-tendu-sdb-salle-de-bains-2.jpg" style="width: 100%" alt=""></div>
<div class="RSDB_2COL_1_RT" onclick="document.location.href='https://prix-plafond-tendu.fr/site/plafond-tendu-autres-pieces/'"><span class="RSDB_2COL_1_SPAN">Autres pièces</span><img src="/site/_rs_static/rsdb-img-accueil-plafond-tendu-autres-pieces-2.jpg" style="width: 100%" alt=""></div>
<div style="clear: both; margin-bottom: 20px;"></div>
<p>	<a href="https://prix-plafond-tendu.fr/site/plafond-tendu-grandes-largeurs-5-50-metres/"><img src="/site/_rs_static/rsdb-img-bandeau-plafond-tendu-grande-largeur-5-metres-50.png" style="width: 100%; margin-bottom: 20px;" alt=""></a></p>
<div class="RSDB_HOME_CAT">Plafonds-Tendus pour Professionnels</div>
<div class="RSDB_2COL_1_LT" onclick="document.location.href='https://prix-plafond-tendu.fr/site/plafond-tendu-commerces-de-bouche/'"><span class="RSDB_2COL_1_SPAN">Commerces de bouche</span><img src="/site/_rs_static/rsdb-img-accueil-plafond-tendu-commerce-de-bouche-2.jpg" style="width: 100%" alt=""></div>
<div class="RSDB_2COL_1_MT" onclick="document.location.href='https://prix-plafond-tendu.fr/site/plafond-tendu-boutiques/'"><span class="RSDB_2COL_1_SPAN">Boutiques</span><img src="/site/_rs_static/rsdb-img-accueil-plafond-tendu-boutiques-magasins-2.jpg" style="width: 100%" alt=""></div>
<div class="RSDB_2COL_1_RT" onclick="document.location.href='https://prix-plafond-tendu.fr/site/plafond-tendu-hotels/'"><span class="RSDB_2COL_1_SPAN">Hotels</span><img src="/site/_rs_static/rsdb-img-accueil-plafond-tendu-hotels-2.jpg" style="width: 100%" alt=""></div>
<div class="RSDB_2COL_1_LT" onclick="document.location.href='https://prix-plafond-tendu.fr/site/plafond-tendu-pubs-bars/'"><span class="RSDB_2COL_1_SPAN">Pubs &#8211; Bars</span><img src="/site/_rs_static/rsdb-img-accueil-plafond-tendu-pubs-bars-2.jpg" style="width: 100%" alt=""></div>
<div class="RSDB_2COL_1_MT" onclick="document.location.href='https://prix-plafond-tendu.fr/site/plafond-tendu-restaurants/'"><span class="RSDB_2COL_1_SPAN">Restaurants</span><img src="/site/_rs_static/rsdb-img-accueil-plafond-tendu-restaurants-2.jpg" style="width: 100%" alt=""></div>
<div class="RSDB_2COL_1_RT" onclick="document.location.href='https://prix-plafond-tendu.fr/site/plafond-tendu-discotheques/'"><span class="RSDB_2COL_1_SPAN">Discothèques</span><img src="/site/_rs_static/rsdb-img-accueil-plafond-tendu-discotheques-2.jpg" style="width: 100%" alt=""></div>
<div style="clear: both; margin-bottom: 20px;"></div>
</div>
<div class="RSDB_2COL_0_RT">
<div id="RSDB_CALLBACK_CALL" style="margin: auto; text-align: center;"><a href="#RSDB_CALLBACK_TOP"><img src="/site/_rs_static/rsdb-system-btn-callback.png" style="cursor: pointer; margin-bottom: 5px;" onclick="document.getElementById('RSDBBOX').style.display = 'block'; document.getElementById('RSCALLBACK').style.display = 'block';" alt=""></a></div>
<p></p>
<div style="margin-bottom: 20px;">
<div style="background-color: #dd3333; color: #FFFFFF; text-align: center; padding: 5px; max-width: 350px; margin: auto;">DEVIS RAPIDE 24H/24</div>
<div role="form" class="wpcf7" id="wpcf7-f25-o1" lang="fr-FR" dir="ltr">
<div class="screen-reader-response"><p role="status" aria-live="polite" aria-atomic="true"></p> <ul></ul></div>
<form action="/site/wp-json/wp/v2/pages/4#wpcf7-f25-o1" method="post" class="wpcf7-form init" novalidate="novalidate" data-status="init">
<div style="display: none;">
<input type="hidden" name="_wpcf7" value="25" />
<input type="hidden" name="_wpcf7_version" value="5.5.6" />
<input type="hidden" name="_wpcf7_locale" value="fr_FR" />
<input type="hidden" name="_wpcf7_unit_tag" value="wpcf7-f25-o1" />
<input type="hidden" name="_wpcf7_container_post" value="0" />
<input type="hidden" name="_wpcf7_posted_data_hash" value="" />
</div>
<p><span class="wpcf7-form-control-wrap your-name"><input type="text" name="your-name" value="" size="40" class="wpcf7-form-control wpcf7-text wpcf7-validates-as-required" aria-required="true" aria-invalid="false" placeholder="Nom et Prénom" /></span></p>
<p><span class="wpcf7-form-control-wrap your-tel"><input type="tel" name="your-tel" value="" size="40" class="wpcf7-form-control wpcf7-text wpcf7-tel wpcf7-validates-as-required wpcf7-validates-as-tel" aria-required="true" aria-invalid="false" placeholder="Tél. : XX XX XX XX XX" /></span></p>
<p><span class="wpcf7-form-control-wrap your-email"><input type="email" name="your-email" value="" size="40" class="wpcf7-form-control wpcf7-text wpcf7-email wpcf7-validates-as-email" aria-invalid="false" placeholder="Courriel / E-mail" /></span></p>
<p><span class="wpcf7-form-control-wrap your-cp"><input type="text" name="your-cp" value="" size="40" maxlength="5" minlength="5" class="wpcf7-form-control wpcf7-text CF7CPO" aria-invalid="false" placeholder="Code Postal" /></span><span class="wpcf7-form-control-wrap your-ville"><input type="text" name="your-ville" value="" size="40" class="wpcf7-form-control wpcf7-text CF7VIL" aria-invalid="false" placeholder="Ville" /></span></p>
<p><span class="wpcf7-form-control-wrap your-subject"><select name="your-subject" class="wpcf7-form-control wpcf7-select" aria-invalid="false"><option value="Devis : Particulier">Devis : Particulier</option><option value="Devis : Professionnel">Devis : Professionnel</option><option value="Devis : Architecte">Devis : Architecte</option><option value="Devis : Autres">Devis : Autres</option></select></span></p>
<p><span class="wpcf7-form-control-wrap your-type-bien"><select name="your-type-bien" class="wpcf7-form-control wpcf7-select" aria-invalid="false"><option value="Type de bien">Type de bien</option><option value="Pavillon">Pavillon</option><option value="Appartement">Appartement</option><option value="Magasin">Magasin</option><option value="Cafés, Pubs, Discothèques">Cafés, Pubs, Discothèques</option><option value="Autres">Autres</option></select></span></p>
<p><span class="wpcf7-form-control-wrap your-objet"><select name="your-objet" class="wpcf7-form-control wpcf7-select" aria-invalid="false"><option value="Type de pièce">Type de pièce</option><option value="Entrée">Entrée</option><option value="Salon - Séjour">Salon - Séjour</option><option value="Cuisine">Cuisine</option><option value="Bureau">Bureau</option><option value="Chambre">Chambre</option><option value="Salle de bains">Salle de bains</option><option value="Couloir">Couloir</option><option value="WC">WC</option><option value="Autres pièces">Autres pièces</option></select></span></p>
<p><span class="wpcf7-form-control-wrap your-surface"><input type="text" name="your-surface" value="" size="40" class="wpcf7-form-control wpcf7-text wpcf7-validates-as-required" aria-required="true" aria-invalid="false" placeholder="Surface en m²" /></span></p>
<p><span class="wpcf7-form-control-wrap your-message"><textarea name="your-message" cols="40" rows="10" class="wpcf7-form-control wpcf7-textarea CF7MSG" aria-invalid="false" placeholder="Votre Message, précisions..."></textarea></span></p>
<p><input type="submit" value="Envoyer" class="wpcf7-form-control has-spinner wpcf7-submit" /></p>
<div class="wpcf7-response-output" aria-hidden="true"></div></form></div></div>
<div style="margin: auto; text-align: center; margin-bottom: 20px;"><img src="/site/_rs_static/rsdb-img-droite-plafond-tendu-seeth-voiture-intervention.jpg" style="width: 100%; max-width: 360px;" alt=""></div>
<div style="margin: auto; text-align: center;">
<div style="width: 49%; float: left"><a href="https://prix-plafond-tendu.fr/site/nos-realisations-particuliers/"><img src="/site/_rs_static/rsdb-btn-galerie-realisations-particuliers.jpg" style="width: 100%; max-width: 145px;" alt="Galerie réalisations Particuliers"></a></div>
<div style="width: 49%; float: right"><a href="https://prix-plafond-tendu.fr/site/nos-realisations-professionnels/"><img src="/site/_rs_static/rsdb-btn-galerie-realisations-professionnels.jpg" style="width: 100%; max-width: 145px;" alt="Galerie réalisations Professionnels"></a></div>
<div style="clear: both"></div>
</p></div>
</div>

<p>Plafond Tendu Spécialiste du Plafond Tendu depuis plus de 25 ans en IDF, La Société SEETH Plafonds Tendus a réalisée plus de 9200 plafonds tendus de tous types, dont les superficies varient<a class="moretag" href="https://prix-plafond-tendu.fr/site/">Read More&#8230;</a></p>
