{"id":534,"date":"2019-08-22T13:36:56","date_gmt":"2019-08-22T13:36:56","guid":{"rendered":"http:\/\/prix-plafond-tendu.com\/site\/?page_id=534"},"modified":"2019-08-22T13:36:56","modified_gmt":"2019-08-22T13:36:56","slug":"nos-partenaires","status":"publish","type":"page","link":"https:\/\/prix-plafond-tendu.fr\/site\/nos-partenaires\/","title":{"rendered":"Nos Partenaires"},"content":{"rendered":"<p>Vous trouverez ci-dessous nos principaux partenaires.<\/p>\n<p><strong>TECTEND<\/strong><br \/>\nDepuis presque 20 ans, Tectend soci\u00e9t\u00e9 bas\u00e9e au Portugal, propose des plafonds tendus d\u00e9coratifs : imprim\u00e9, m\u00e9tallis\u00e9, laqu\u00e9\u2026 Leur sp\u00e9cificit\u00e9 ? Sortir de l\u2019ordinaire avec des plafonds uniques.<\/p>\n<p><strong>SERGE FERRARI<\/strong><br \/>\nSerge Ferrari d\u00e9veloppe des solutions acoustiques innovantes avec des toiles composites telles que la Batyline. Ce groupe industriel fran\u00e7ais, s\u2019applique depuis des ann\u00e9es \u00e0 aller toujours plus loin dans les performances d\u2019absorption acoustiques coupl\u00e9 \u00e0 des mat\u00e9riaux ultra fin.<\/p>\n<p><strong>KVADRAT<\/strong><br \/>\nLa soci\u00e9t\u00e9 Kvadrat a \u00e9t\u00e9 fond\u00e9e au Danemark en 1968. Kvadrat d\u00e9veloppe des textiles et produits de haute qualit\u00e9 pour des usages professionnels (architectes) et priv\u00e9 (particuliers). La soci\u00e9t\u00e9 explore les limites entre textile et design moderne, esth\u00e9tique et technologique.<\/p>\n<p><strong>TEXAA<\/strong><br \/>\nEntreprise fran\u00e7aise bas\u00e9e \u00e0 Gradignan depuis 30 ans, Texaa con\u00e7oit, d\u00e9veloppe et fabrique des solutions acoustiques (panneaux, \u00e9crans, tentures et objets) permettant d\u2019am\u00e9liorer le confort sonore.<\/p>\n<p><strong>MERMET<\/strong><br \/>\nDepuis plus de 60 ans, Mermet fabrique des textiles techniques autour de l\u2019utilisation de la fibre de verre. Aujourd\u2019hui la soci\u00e9t\u00e9 propose de nombreuses solutions solaires, de structures tendues, de signal\u00e9tiques et d\u2019acoustique.<\/p>\n<p><strong>CLIPSO<\/strong><br \/>\nDepuis 1997, CLIPSO propose des solutions inventives, performantes et contemporaines en plafond tendu. CLIPSO s\u2019adresse aux professionnels aussi bien qu\u2019aux particuliers pour tous les projets de r\u00e9novation ou d\u2019am\u00e9nagement.<\/p>\n<p><strong>NEWMAT<\/strong><br \/>\nFabricant de plafond tendu de haute qualit\u00e9, Newmat propose plus de 300 teintes diff\u00e9rentes ainsi que de nombreuses mati\u00e8res. Tous leurs plafonds r\u00e9pondent aux normes, sont 100% recyclables et garantis 10 ans.<\/p>\n<p><strong>TECTEX<\/strong><br \/>\nSp\u00e9cialiste en textiles et tissus enduits pour l\u2019impression num\u00e9rique, TecTex, offre une large gamme de produits adapt\u00e9s \u00e0 votre projet, et ce jusqu\u2019\u00e0 5m de large.<\/p>\n","protected":false},"excerpt":{"rendered":"<p>Vous trouverez ci-dessous nos principaux partenaires. TECTEND Depuis presque 20 ans, Tectend soci\u00e9t\u00e9 bas\u00e9e au Portugal, propose des plafonds tendus d\u00e9coratifs : imprim\u00e9, m\u00e9tallis\u00e9, laqu\u00e9\u2026 Leur sp\u00e9cificit\u00e9 ? Sortir de l\u2019ordinaire avec<a class=\"moretag\" href=\"https:\/\/prix-plafond-tendu.fr\/site\/nos-partenaires\/\">Read More&#8230;<\/a><\/p>\n","protected":false},"author":1,"featured_media":0,"parent":0,"menu_order":0,"comment_status":"closed","ping_status":"closed","template":"","meta":{"footnotes":""},"class_list":["post-534","page","type-page","status-publish","hentry"],"_links":{"self":[{"href":"https:\/\/prix-plafond-tendu.fr\/site\/wp-json\/wp\/v2\/pages\/534","targetHints":{"allow":["GET"]}}],"collection":[{"href":"https:\/\/prix-plafond-tendu.fr\/site\/wp-json\/wp\/v2\/pages"}],"about":[{"href":"https:\/\/prix-plafond-tendu.fr\/site\/wp-json\/wp\/v2\/types\/page"}],"author":[{"embeddable":true,"href":"https:\/\/prix-plafond-tendu.fr\/site\/wp-json\/wp\/v2\/users\/1"}],"replies":[{"embeddable":true,"href":"https:\/\/prix-plafond-tendu.fr\/site\/wp-json\/wp\/v2\/comments?post=534"}],"version-history":[{"count":1,"href":"https:\/\/prix-plafond-tendu.fr\/site\/wp-json\/wp\/v2\/pages\/534\/revisions"}],"predecessor-version":[{"id":535,"href":"https:\/\/prix-plafond-tendu.fr\/site\/wp-json\/wp\/v2\/pages\/534\/revisions\/535"}],"wp:attachment":[{"href":"https:\/\/prix-plafond-tendu.fr\/site\/wp-json\/wp\/v2\/media?parent=534"}],"curies":[{"name":"wp","href":"https:\/\/api.w.org\/{rel}","templated":true}]}}